{"id":21,"date":"2011-03-20T13:00:30","date_gmt":"2011-03-20T12:00:30","guid":{"rendered":"http:\/\/service230779.dyndns.org\/vitel-lompoul.com\/?page_id=21"},"modified":"2024-04-03T13:51:59","modified_gmt":"2024-04-03T12:51:59","slug":"alloggio","status":"publish","type":"page","link":"https:\/\/www.vitel-lompoul.com\/?page_id=21","title":{"rendered":"Logement"},"content":{"rendered":"<table cellpadding=\"10\">\n<tbody>\n<tr>\n<td><a href=\"https:\/\/i0.wp.com\/www.vitel-lompoul.com\/wp-content\/uploads\/2011\/03\/DSC_0270.jpg?ssl=1\" target=\"_blank\" rel=\"noopener\"><img data-recalc-dims=\"1\" loading=\"lazy\" decoding=\"async\" class=\"size-medium wp-image-167 aligncenter\" title=\"VITEL_0270\" src=\"https:\/\/i0.wp.com\/www.vitel-lompoul.com\/wp-content\/uploads\/2011\/03\/DSC_0270.jpg?resize=280%2C186&ssl=1\" alt=\"\" width=\"280\" height=\"186\" srcset=\"https:\/\/i0.wp.com\/www.vitel-lompoul.com\/wp-content\/uploads\/2011\/03\/DSC_0270.jpg?resize=280%2C186&amp;ssl=1 280w, https:\/\/i0.wp.com\/www.vitel-lompoul.com\/wp-content\/uploads\/2011\/03\/DSC_0270.jpg?resize=932%2C621&amp;ssl=1 932w, https:\/\/i0.wp.com\/www.vitel-lompoul.com\/wp-content\/uploads\/2011\/03\/DSC_0270.jpg?resize=940%2C626&amp;ssl=1 940w, https:\/\/i0.wp.com\/www.vitel-lompoul.com\/wp-content\/uploads\/2011\/03\/DSC_0270.jpg?resize=460%2C306&amp;ssl=1 460w, https:\/\/i0.wp.com\/www.vitel-lompoul.com\/wp-content\/uploads\/2011\/03\/DSC_0270.jpg?resize=340%2C226&amp;ssl=1 340w, https:\/\/i0.wp.com\/www.vitel-lompoul.com\/wp-content\/uploads\/2011\/03\/DSC_0270.jpg?resize=220%2C146&amp;ssl=1 220w, https:\/\/i0.wp.com\/www.vitel-lompoul.com\/wp-content\/uploads\/2011\/03\/DSC_0270.jpg?resize=160%2C106&amp;ssl=1 160w, https:\/\/i0.wp.com\/www.vitel-lompoul.com\/wp-content\/uploads\/2011\/03\/DSC_0270.jpg?w=1106&amp;ssl=1 1106w\" sizes=\"auto, (max-width: 280px) 100vw, 280px\" \/><\/a><\/td>\n<td><a href=\"https:\/\/i0.wp.com\/www.vitel-lompoul.com\/wp-content\/uploads\/2011\/03\/DSC_0273.jpg?ssl=1\" target=\"_blank\" rel=\"noopener\"><img data-recalc-dims=\"1\" loading=\"lazy\" decoding=\"async\" class=\"size-medium wp-image-168 aligncenter\" title=\"VITEL_0273\" src=\"https:\/\/i0.wp.com\/www.vitel-lompoul.com\/wp-content\/uploads\/2011\/03\/DSC_0273.jpg?resize=280%2C186&ssl=1\" alt=\"\" width=\"280\" height=\"186\" srcset=\"https:\/\/i0.wp.com\/www.vitel-lompoul.com\/wp-content\/uploads\/2011\/03\/DSC_0273.jpg?resize=280%2C186&amp;ssl=1 280w, https:\/\/i0.wp.com\/www.vitel-lompoul.com\/wp-content\/uploads\/2011\/03\/DSC_0273.jpg?resize=932%2C621&amp;ssl=1 932w, https:\/\/i0.wp.com\/www.vitel-lompoul.com\/wp-content\/uploads\/2011\/03\/DSC_0273.jpg?resize=940%2C626&amp;ssl=1 940w, https:\/\/i0.wp.com\/www.vitel-lompoul.com\/wp-content\/uploads\/2011\/03\/DSC_0273.jpg?resize=460%2C306&amp;ssl=1 460w, https:\/\/i0.wp.com\/www.vitel-lompoul.com\/wp-content\/uploads\/2011\/03\/DSC_0273.jpg?resize=340%2C226&amp;ssl=1 340w, https:\/\/i0.wp.com\/www.vitel-lompoul.com\/wp-content\/uploads\/2011\/03\/DSC_0273.jpg?resize=220%2C146&amp;ssl=1 220w, https:\/\/i0.wp.com\/www.vitel-lompoul.com\/wp-content\/uploads\/2011\/03\/DSC_0273.jpg?resize=160%2C106&amp;ssl=1 160w, https:\/\/i0.wp.com\/www.vitel-lompoul.com\/wp-content\/uploads\/2011\/03\/DSC_0273.jpg?w=1106&amp;ssl=1 1106w\" sizes=\"auto, (max-width: 280px) 100vw, 280px\" \/><\/a><\/td>\n<td><a href=\"https:\/\/i0.wp.com\/www.vitel-lompoul.com\/wp-content\/uploads\/2011\/03\/DSC_0181.jpg?ssl=1\" target=\"_blank\" rel=\"noopener\"><img data-recalc-dims=\"1\" loading=\"lazy\" decoding=\"async\" class=\"size-medium wp-image-169 aligncenter\" title=\"VITEL_0181\" src=\"https:\/\/i0.wp.com\/www.vitel-lompoul.com\/wp-content\/uploads\/2011\/03\/DSC_0181.jpg?resize=280%2C186&ssl=1\" alt=\"\" width=\"280\" height=\"186\" srcset=\"https:\/\/i0.wp.com\/www.vitel-lompoul.com\/wp-content\/uploads\/2011\/03\/DSC_0181.jpg?resize=280%2C186&amp;ssl=1 280w, https:\/\/i0.wp.com\/www.vitel-lompoul.com\/wp-content\/uploads\/2011\/03\/DSC_0181.jpg?resize=932%2C621&amp;ssl=1 932w, https:\/\/i0.wp.com\/www.vitel-lompoul.com\/wp-content\/uploads\/2011\/03\/DSC_0181.jpg?resize=940%2C626&amp;ssl=1 940w, https:\/\/i0.wp.com\/www.vitel-lompoul.com\/wp-content\/uploads\/2011\/03\/DSC_0181.jpg?resize=460%2C306&amp;ssl=1 460w, https:\/\/i0.wp.com\/www.vitel-lompoul.com\/wp-content\/uploads\/2011\/03\/DSC_0181.jpg?resize=340%2C226&amp;ssl=1 340w, https:\/\/i0.wp.com\/www.vitel-lompoul.com\/wp-content\/uploads\/2011\/03\/DSC_0181.jpg?resize=220%2C146&amp;ssl=1 220w, https:\/\/i0.wp.com\/www.vitel-lompoul.com\/wp-content\/uploads\/2011\/03\/DSC_0181.jpg?resize=160%2C106&amp;ssl=1 160w, https:\/\/i0.wp.com\/www.vitel-lompoul.com\/wp-content\/uploads\/2011\/03\/DSC_0181.jpg?w=1106&amp;ssl=1 1106w\" sizes=\"auto, (max-width: 280px) 100vw, 280px\" \/><\/a><\/td>\n<\/tr>\n<\/tbody>\n<\/table>\n<p>VITEL assure diff\u00e9rents types de s\u00e9jour: chambre, demi pension, pension compl\u00e8te.<\/p>\n<p>Les chambres sont cases de paille traditionnelles simples et confortables, modulables selon la demande et appropri\u00e9s pour les familles et les groupes.<\/p>\n<p>Vous pourrez d\u00e9guster repas s\u00e9n\u00e9galais exquis, cuisin\u00e9s selon votre pr\u00e9f\u00e9rence et en utilisant seulement produits biologiques et frais. Une bonne partie des ingr\u00e9dients vient de champs de VITEL par exploitation biologique et de son \u00e9levage de poulets et dindons. Le poisson est achet\u00e9 frais au march\u00e9 de Lompoul de jour en jour.<\/p>\n<p>Sont aussi assur\u00e9s services extra de m\u00e9nage et lessive.<\/p>\n","protected":false},"excerpt":{"rendered":"<p>VITEL assure diff\u00e9rents types de s\u00e9jour: chambre, demi pension, pension compl\u00e8te. Les chambres sont cases de paille traditionnelles simples et confortables, modulables selon la demande et appropri\u00e9s pour les familles et les groupes. Vous pourrez d\u00e9guster repas s\u00e9n\u00e9galais exquis, cuisin\u00e9s selon votre pr\u00e9f\u00e9rence et en utilisant seulement produits biologiques et frais. Une bonne partie des [&hellip;]<\/p>\n","protected":false},"author":1,"featured_media":0,"parent":0,"menu_order":3,"comment_status":"open","ping_status":"open","template":"page-custom-gallery.php","meta":{"footnotes":""},"class_list":["post-21","page","type-page","status-publish","hentry"],"jetpack_sharing_enabled":true,"_links":{"self":[{"href":"https:\/\/www.vitel-lompoul.com\/index.php?rest_route=\/wp\/v2\/pages\/21","targetHints":{"allow":["GET"]}}],"collection":[{"href":"https:\/\/www.vitel-lompoul.com\/index.php?rest_route=\/wp\/v2\/pages"}],"about":[{"href":"https:\/\/www.vitel-lompoul.com\/index.php?rest_route=\/wp\/v2\/types\/page"}],"author":[{"embeddable":true,"href":"https:\/\/www.vitel-lompoul.com\/index.php?rest_route=\/wp\/v2\/users\/1"}],"replies":[{"embeddable":true,"href":"https:\/\/www.vitel-lompoul.com\/index.php?rest_route=%2Fwp%2Fv2%2Fcomments&post=21"}],"version-history":[{"count":22,"href":"https:\/\/www.vitel-lompoul.com\/index.php?rest_route=\/wp\/v2\/pages\/21\/revisions"}],"predecessor-version":[{"id":296,"href":"https:\/\/www.vitel-lompoul.com\/index.php?rest_route=\/wp\/v2\/pages\/21\/revisions\/296"}],"wp:attachment":[{"href":"https:\/\/www.vitel-lompoul.com\/index.php?rest_route=%2Fwp%2Fv2%2Fmedia&parent=21"}],"curies":[{"name":"wp","href":"https:\/\/api.w.org\/{rel}","templated":true}]}}